{"id":105,"date":"2024-02-06T17:58:06","date_gmt":"2024-02-06T17:58:06","guid":{"rendered":"https:\/\/sitios.iztacala.unam.mx\/idiomas\/?page_id=105"},"modified":"2026-05-02T16:59:47","modified_gmt":"2026-05-02T16:59:47","slug":"exa-colocacion","status":"publish","type":"page","link":"https:\/\/sitios.iztacala.unam.mx\/idiomas\/exa-colocacion\/","title":{"rendered":"Examen de colocaci\u00f3n"},"content":{"rendered":"\n<h5 class=\"wp-block-heading has-accent-color has-text-color has-link-color has-large-font-size wp-elements-3ee0a603daa663610fe718173b316879\"><strong>Informaci\u00f3n General<\/strong><\/h5>\n\n\n\n<p>Si ya tienes conocimientos del idioma puedes hacer el examen de colocaci\u00f3n para conocer tu nivel. El examen se aplica en l\u00ednea y tiene dos partes, la primera es un examen escrito de opci\u00f3n m\u00faltiple en plataforma y la segunda depende de tu resultado de la primera parte, ya que es una entrevista en ingl\u00e9s. <\/p>\n\n\n\n<p>Una vez concluida tu inscripci\u00f3n, recibir\u00e1s un correo con las indicaciones para realizarlo, 10 minutos antes de la aplicaci\u00f3n. Para presentar este examen deber\u00e1s utilizar una PC, laptop o Tablet con la aplicaci\u00f3n de Zoom instalada, contar con conexi\u00f3n estable a internet y aud\u00edfonos. <\/p>\n\n\n\n<p>Con este examen te colocaremos en uno de nuestros 15 niveles para cursar el Plan Global, es importante aclarar que con el resultado de este examen <strong>NO se otorga constancia<\/strong> de acreditaci\u00f3n.<\/p>\n\n\n\n<p class=\"has-large-font-size\">Costo: $220<\/p>\n\n\n\n<h5 class=\"wp-block-heading has-accent-color has-text-color has-link-color has-large-font-size wp-elements-1f1f19adbefa2d6f628a051744ef232e\"><strong>Fechas de inscripci\u00f3n<\/strong><\/h5>\n\n\n\n<figure class=\"wp-block-table is-style-stripes\"><table class=\"has-blush-light-purple-gradient-background has-background has-fixed-layout\"><thead><tr><th class=\"has-text-align-center\" data-align=\"center\">Inscripci\u00f3n<\/th><th class=\"has-text-align-center\" data-align=\"center\">Aplicaci\u00f3n<\/th><\/tr><\/thead><tbody><tr><td class=\"has-text-align-center\" data-align=\"center\">1 al 5 de mayo 2026<\/td><td class=\"has-text-align-center\" data-align=\"center\">4,5 y 6 de mayo 2026<\/td><\/tr><\/tbody><\/table><figcaption class=\"wp-element-caption\">&nbsp;Para ver el procedimiento de inscripci\u00f3n da clic&nbsp;<em><a href=\"https:\/\/sitios.iztacala.unam.mx\/idiomas\/sicei\/\">AQU\u00cd<\/a><\/em>. La inscripci\u00f3n se habilita a las 10 AM de la fecha se\u00f1alada<\/figcaption><\/figure>\n\n\n\n<div style=\"height:100px\" aria-hidden=\"true\" class=\"wp-block-spacer\"><\/div>\n\n\n\n<hr class=\"wp-block-separator has-alpha-channel-opacity\" \/>\n\n\n<div class=\"wp-block-image\">\n<figure class=\"aligncenter is-resized\"><a href=\"https:\/\/sicei.iztacala.unam.mx\/idiomas_adm\/index.php\/php\/login\" target=\"_blank\" rel=\"noreferrer noopener\"><img data-recalc-dims=\"1\" loading=\"lazy\" decoding=\"async\" width=\"500\" height=\"170\" src=\"https:\/\/i0.wp.com\/sitios.iztacala.unam.mx\/idiomas\/wp-content\/uploads\/sites\/26\/2024\/02\/SICEI_logo.png?resize=500%2C170&#038;ssl=1\" alt=\"\" class=\"wp-image-247\" style=\"width:330px;height:auto\" srcset=\"https:\/\/i0.wp.com\/sitios.iztacala.unam.mx\/idiomas\/wp-content\/uploads\/sites\/26\/2024\/02\/SICEI_logo.png?w=500&amp;ssl=1 500w, https:\/\/i0.wp.com\/sitios.iztacala.unam.mx\/idiomas\/wp-content\/uploads\/sites\/26\/2024\/02\/SICEI_logo.png?resize=300%2C102&amp;ssl=1 300w\" sizes=\"auto, (max-width: 500px) 100vw, 500px\" \/><\/a><\/figure>\n<\/div>\n\n\n<p class=\"has-text-align-center\"><a href=\"https:\/\/sitios.iztacala.unam.mx\/idiomas\/inscripcion-generales\/\"><strong>Instrucciones generales inscripci\u00f3n<\/strong><\/a><br><a href=\"https:\/\/sicei.iztacala.unam.mx\/idiomas_adm\/index.php\/php\/alta_alumnos_externos\"><strong>Registro de 1ra vez Externos<\/strong><\/a><br><strong><a href=\"https:\/\/sitios.iztacala.unam.mx\/idiomas\/inscripcion-externos\/\">Gu\u00eda inscripci\u00f3n para Externos<\/a><\/strong><br><a href=\"https:\/\/sitios.iztacala.unam.mx\/idiomas\/inscripciones-unam\/\"><strong>Gu\u00eda inscripci\u00f3n UNAM otros Planteles<\/strong><\/a><br><a href=\"https:\/\/sitios.iztacala.unam.mx\/idiomas\/inscripcion-fesi\/\"><strong>Gu\u00eda inscripci\u00f3n alumnos FESI<\/strong><\/a><br><strong><a href=\"https:\/\/sitios.iztacala.unam.mx\/idiomas\/wp-content\/uploads\/sites\/26\/2024\/02\/Pago-con-app-BBVA.pdf\" target=\"_blank\" rel=\"noreferrer noopener\">Gu\u00eda Pago APP BBVA<\/a><\/strong><\/p>\n","protected":false},"excerpt":{"rendered":"<p>Informaci\u00f3n General Si ya tienes conocimientos del idioma puedes hacer el examen de colocaci\u00f3n para conocer tu nivel. El examen se aplica en l\u00ednea y tiene dos partes, la primera es un examen escrito de opci\u00f3n m\u00faltiple en plataforma y la segunda depende de tu resultado de la primera parte, ya que es una entrevista &#8230; <a title=\"Examen de colocaci\u00f3n\" class=\"read-more\" href=\"https:\/\/sitios.iztacala.unam.mx\/idiomas\/exa-colocacion\/\" aria-label=\"Leer m\u00e1s sobre Examen de colocaci\u00f3n\">Read more<\/a><\/p>\n","protected":false},"author":27,"featured_media":0,"parent":0,"menu_order":0,"comment_status":"closed","ping_status":"closed","template":"","meta":{"footnotes":""},"class_list":["post-105","page","type-page","status-publish"],"jetpack_sharing_enabled":true,"_links":{"self":[{"href":"https:\/\/sitios.iztacala.unam.mx\/idiomas\/wp-json\/wp\/v2\/pages\/105","targetHints":{"allow":["GET"]}}],"collection":[{"href":"https:\/\/sitios.iztacala.unam.mx\/idiomas\/wp-json\/wp\/v2\/pages"}],"about":[{"href":"https:\/\/sitios.iztacala.unam.mx\/idiomas\/wp-json\/wp\/v2\/types\/page"}],"author":[{"embeddable":true,"href":"https:\/\/sitios.iztacala.unam.mx\/idiomas\/wp-json\/wp\/v2\/users\/27"}],"replies":[{"embeddable":true,"href":"https:\/\/sitios.iztacala.unam.mx\/idiomas\/wp-json\/wp\/v2\/comments?post=105"}],"version-history":[{"count":30,"href":"https:\/\/sitios.iztacala.unam.mx\/idiomas\/wp-json\/wp\/v2\/pages\/105\/revisions"}],"predecessor-version":[{"id":1679,"href":"https:\/\/sitios.iztacala.unam.mx\/idiomas\/wp-json\/wp\/v2\/pages\/105\/revisions\/1679"}],"wp:attachment":[{"href":"https:\/\/sitios.iztacala.unam.mx\/idiomas\/wp-json\/wp\/v2\/media?parent=105"}],"curies":[{"name":"wp","href":"https:\/\/api.w.org\/{rel}","templated":true}]}}