{"id":23,"date":"2023-11-23T20:57:21","date_gmt":"2023-11-23T20:57:21","guid":{"rendered":"https:\/\/sitios.iztacala.unam.mx\/cetica\/?page_id=23"},"modified":"2024-10-03T17:40:10","modified_gmt":"2024-10-03T17:40:10","slug":"integrantes","status":"publish","type":"page","link":"https:\/\/sitios.iztacala.unam.mx\/cetica\/integrantes\/","title":{"rendered":"INTEGRANTES"},"content":{"rendered":"\n<h2 class=\"gb-headline gb-headline-9c9d715f gb-headline-text\">Comit\u00e9 de \u00c9tica de la FES Iztacala<\/h2>\n\n\n\n<p>Correo electr\u00f3nico al que se puede dirigir:<\/p>\n\n\n<div class=\"gb-container gb-container-49b8205f alignwide\">\n\n<a class=\"gb-button gb-button-99b345b4 gb-button-text\" href=\"mailto:ceticafesi@unam.mx\">ceticafesi@unam.mx<\/a>\n\n<\/div>\n\n\n<p class=\"has-base-3-color has-text-color has-link-color wp-elements-6fd0f21400364dda7d3ce84a0d6f65e4\">.<\/p>\n\n\n<div class=\"gb-container gb-container-e1f1f50c\">\n<div class=\"gb-container gb-container-4732f913\">\n\n<p class=\"has-medium-font-size\"><strong>Dra. Myrna Miriam Valera Mota<br><\/strong>Presidenta General<\/p>\n\n\n\n<p>&#8211; &#8211;<br>Secretario general<\/p>\n\n<\/div>\n<\/div>\n\n\n<p class=\"has-base-3-color has-text-color has-link-color wp-elements-6fd0f21400364dda7d3ce84a0d6f65e4\">.<\/p>\n\n\n\n<p class=\"has-medium-font-size\">El comit\u00e9 General se divide en 3 comit\u00e9s particulares:<\/p>\n\n\n\n<ol class=\"wp-block-list\">\n<li>Comit\u00e9 Bio\u00e9tica y bioseguridad<br><\/li>\n\n\n\n<li>Comit\u00e9 Integridad Acad\u00e9mica Cient\u00edfica y \u00c9tica Administrativa<br><\/li>\n\n\n\n<li>Comit\u00e9 \u00c9tica Cl\u00ednica, Social y Servicios Comunitarios<\/li>\n<\/ol>\n\n\n<div class=\"gb-container gb-container-2c6e5435\">\n<div class=\"gb-container gb-container-07f56b2d\">\n\n<p class=\"has-text-color has-link-color has-medium-font-size wp-elements-c33c7a0708aab4ed0fa23946216c674a\" style=\"color:#012861\"><strong>COMIT\u00c9 DE BIO\u00c9TICA Y SEGURIDAD<\/strong><\/p>\n\n\n\n<p><strong>Dra. Cynthia Georgina Trejo Iriarte<\/strong><br>Presidente<\/p>\n\n\n\n<p><strong>Dra. Elizabeth Alicia Hern\u00e1ndez Echeagaray<\/strong><br>Secretario<\/p>\n\n\n<div class=\"gb-container gb-container-2927baea\">\n\n<p class=\"has-contrast-3-color has-text-color has-link-color wp-elements-55a7b2e9c45584cb29d6a3d7c2d56d7b\"><strong>INTEGRANTES<\/strong><\/p>\n\n\n\n<p>Dra. Martha Ang\u00e9lica Santiago Santiago<\/p>\n\n\n\n<p>Dr. Isaac Obed P\u00e9rez Mart\u00ednez<\/p>\n\n<\/div>\n\n\n<p class=\"has-base-3-color has-text-color has-link-color wp-elements-6fd0f21400364dda7d3ce84a0d6f65e4\">.<\/p>\n\n\n<div class=\"gb-container gb-container-8d6e2565\">\n\n<p class=\"has-contrast-3-color has-text-color has-link-color wp-elements-d2cd473ea34aad964365e932deb01d15\"><strong>INVITADOS<\/strong><\/p>\n\n\n\n<p>Biol. Tom\u00e1s Ernesto Villamar Duque<\/p>\n\n\n\n<p>Dr. Jos\u00e9 Francisco Torner Morales<\/p>\n\n<\/div>\n\n\n<p class=\"has-text-color has-link-color wp-elements-8e5209b5b263ed338e74ca212a68f4c0\" style=\"color:#fbe6bb\">.<\/p>\n\n<\/div>\n\n\n<p class=\"has-base-3-color has-text-color has-link-color wp-elements-6fd0f21400364dda7d3ce84a0d6f65e4\">.<\/p>\n\n<\/div>\n\n<div class=\"gb-container gb-container-f8d9b077\">\n<div class=\"gb-container gb-container-6f15ba30\">\n\n<p class=\"has-text-color has-link-color has-medium-font-size wp-elements-7c681f3a6d34bc878cb99ccf670c6285\" style=\"color:#012861\"><strong>COMIT\u00c9 DE INTEGRIDAD ACAD\u00c9MICA CIENT\u00cdFICA<\/strong><br><strong>Y \u00c9TICA ADMINISTRATIVA<\/strong><\/p>\n\n\n\n<p><strong>Dra. Nandini Sarma<\/strong><br>Presidente<\/p>\n\n\n\n<p><strong>Dra. Mar\u00eda Reyes Altagracia Gonz\u00e1lez L\u00f3pez<\/strong><br>Secretario<\/p>\n\n\n<div class=\"gb-container gb-container-91e5be8f\">\n\n<p class=\"has-contrast-3-color has-text-color has-link-color wp-elements-bedd0839f98107b2cf1027fa5d02bcb0\"><strong><strong>INTEGRANTES<\/strong><\/strong><\/p>\n\n\n\n<p>Dra. Martha Mart\u00ednez Garc\u00eda<\/p>\n\n\n\n<p>Dra. Benita Cedillo Ildefonso<\/p>\n\n\n\n<p>Mtra. Mirna Elizabeth Quezada<\/p>\n\n<\/div>\n<\/div>\n<\/div>\n\n\n<p class=\"has-base-3-color has-text-color has-link-color wp-elements-6fd0f21400364dda7d3ce84a0d6f65e4\">.<\/p>\n\n\n<div class=\"gb-container gb-container-c221156d\">\n<div class=\"gb-container gb-container-40ba1378\">\n\n<p class=\"has-text-color has-link-color has-medium-font-size wp-elements-e4ae6b8bdba18869e640bc88233323f6\" style=\"color:#012861\"><strong>COMIT\u00c9 DE \u00c9TICA CL\u00cdNICA, SOCIAL Y SERVICIOS COMUNITARIOS<\/strong><\/p>\n\n\n\n<p><strong>Dra. Irene Aguado Herrera<\/strong><br>Presidente<\/p>\n\n\n\n<p><strong>Mtra. Mary Carmen Bates Souza<\/strong><br>Secretario<\/p>\n\n\n<div class=\"gb-container gb-container-010f6d1f\">\n\n<p class=\"has-contrast-3-color has-text-color has-link-color wp-elements-bedd0839f98107b2cf1027fa5d02bcb0\"><strong><strong>INTEGRANTES<\/strong><\/strong><\/p>\n\n\n\n<p>Dra. Luisa Bravo S\u00e1nchez<\/p>\n\n\n\n<p>Mtra. Jessica G\u00f3mez Rodr\u00edguez<\/p>\n\n\n\n<p>Dr. \u00c1lvaro Garc\u00eda P\u00e9rez<\/p>\n\n<\/div>\n<\/div>\n<\/div>","protected":false},"excerpt":{"rendered":"<p>Comit\u00e9 de \u00c9tica de la FES Iztacala Correo electr\u00f3nico al que se puede dirigir: . Dra. Myrna Miriam Valera MotaPresidenta General &#8211; &#8211;Secretario general . El comit\u00e9 General se divide en 3 comit\u00e9s particulares: COMIT\u00c9 DE BIO\u00c9TICA Y SEGURIDAD Dra. Cynthia Georgina Trejo IriartePresidente Dra. Elizabeth Alicia Hern\u00e1ndez EcheagaraySecretario INTEGRANTES Dra. Martha Ang\u00e9lica Santiago Santiago &#8230; <a title=\"INTEGRANTES\" class=\"read-more\" href=\"https:\/\/sitios.iztacala.unam.mx\/cetica\/integrantes\/\" aria-label=\"Leer m\u00e1s sobre INTEGRANTES\">Read more<\/a><\/p>\n","protected":false},"author":2,"featured_media":0,"parent":0,"menu_order":0,"comment_status":"closed","ping_status":"closed","template":"","meta":{"footnotes":""},"class_list":["post-23","page","type-page","status-publish"],"jetpack_sharing_enabled":true,"_links":{"self":[{"href":"https:\/\/sitios.iztacala.unam.mx\/cetica\/wp-json\/wp\/v2\/pages\/23","targetHints":{"allow":["GET"]}}],"collection":[{"href":"https:\/\/sitios.iztacala.unam.mx\/cetica\/wp-json\/wp\/v2\/pages"}],"about":[{"href":"https:\/\/sitios.iztacala.unam.mx\/cetica\/wp-json\/wp\/v2\/types\/page"}],"author":[{"embeddable":true,"href":"https:\/\/sitios.iztacala.unam.mx\/cetica\/wp-json\/wp\/v2\/users\/2"}],"replies":[{"embeddable":true,"href":"https:\/\/sitios.iztacala.unam.mx\/cetica\/wp-json\/wp\/v2\/comments?post=23"}],"version-history":[{"count":19,"href":"https:\/\/sitios.iztacala.unam.mx\/cetica\/wp-json\/wp\/v2\/pages\/23\/revisions"}],"predecessor-version":[{"id":185,"href":"https:\/\/sitios.iztacala.unam.mx\/cetica\/wp-json\/wp\/v2\/pages\/23\/revisions\/185"}],"wp:attachment":[{"href":"https:\/\/sitios.iztacala.unam.mx\/cetica\/wp-json\/wp\/v2\/media?parent=23"}],"curies":[{"name":"wp","href":"https:\/\/api.w.org\/{rel}","templated":true}]}}