{"id":831,"date":"2022-04-28T18:04:36","date_gmt":"2022-04-28T18:04:36","guid":{"rendered":"https:\/\/sitios.iztacala.unam.mx\/bancodesemillas\/?page_id=831"},"modified":"2024-10-10T18:30:43","modified_gmt":"2024-10-10T18:30:43","slug":"publicaciones-del-banco-de-semillas-fesi-unam","status":"publish","type":"page","link":"https:\/\/sitios.iztacala.unam.mx\/bancodesemillas\/publicaciones-del-banco-de-semillas-fesi-unam\/","title":{"rendered":"Publicaciones"},"content":{"rendered":"\n<figure class=\"wp-block-image size-large\"><img data-recalc-dims=\"1\" loading=\"lazy\" decoding=\"async\" width=\"1200\" height=\"144\" src=\"https:\/\/i0.wp.com\/sitios.iztacala.unam.mx\/bancodesemillas\/wp-content\/uploads\/sites\/7\/2024\/10\/Cabecera-P.jpg?resize=1200%2C144&#038;ssl=1\" alt=\"\" class=\"wp-image-4078\" srcset=\"https:\/\/i0.wp.com\/sitios.iztacala.unam.mx\/bancodesemillas\/wp-content\/uploads\/sites\/7\/2024\/10\/Cabecera-P-scaled.jpg?resize=1500%2C180&amp;ssl=1 1500w, https:\/\/i0.wp.com\/sitios.iztacala.unam.mx\/bancodesemillas\/wp-content\/uploads\/sites\/7\/2024\/10\/Cabecera-P-scaled.jpg?resize=300%2C36&amp;ssl=1 300w, https:\/\/i0.wp.com\/sitios.iztacala.unam.mx\/bancodesemillas\/wp-content\/uploads\/sites\/7\/2024\/10\/Cabecera-P-scaled.jpg?resize=768%2C92&amp;ssl=1 768w, https:\/\/i0.wp.com\/sitios.iztacala.unam.mx\/bancodesemillas\/wp-content\/uploads\/sites\/7\/2024\/10\/Cabecera-P-scaled.jpg?resize=1536%2C185&amp;ssl=1 1536w, https:\/\/i0.wp.com\/sitios.iztacala.unam.mx\/bancodesemillas\/wp-content\/uploads\/sites\/7\/2024\/10\/Cabecera-P-scaled.jpg?resize=2048%2C246&amp;ssl=1 2048w, https:\/\/i0.wp.com\/sitios.iztacala.unam.mx\/bancodesemillas\/wp-content\/uploads\/sites\/7\/2024\/10\/Cabecera-P-scaled.jpg?w=2400&amp;ssl=1 2400w\" sizes=\"auto, (max-width: 1200px) 100vw, 1200px\" \/><\/figure>\n\n\n\n<p>Parte de las actividades de divulgaci\u00f3n que se llevan a cabo en el Banco de Semillas FESI-UNAM consisten en realizar trabajos de investigaci\u00f3n, una vez que estos han sido concluidos se redactan art\u00edculos con el fin de reportar los resultados. <\/p>\n\n\n\n<p>En esta secci\u00f3n podr\u00e1s encontrar los art\u00edculos publicados de los proyectos que se han realizado en el Banco de Semillas FESI-UNAM. Estos recursos son de libre acceso puesto que la idea es que la informaci\u00f3n que se genera en esta instituci\u00f3n se encuentre disponible para todo aquel que est\u00e9 interesado en ella, se puede acceder a ellos simplemente haciendo click a las im\u00e1genes o usar las citas que se encuentran debajo. <\/p>\n\n\n\n<p>Puedes dar clic en la imagen para acceder a los art\u00edculos.<\/p>\n\n\n\n<div class=\"wp-block-columns is-layout-flex wp-container-core-columns-is-layout-9d6595d7 wp-block-columns-is-layout-flex\">\n<div class=\"wp-block-column is-layout-flow wp-block-column-is-layout-flow\">\n<div class=\"wp-block-columns is-layout-flex wp-container-core-columns-is-layout-9d6595d7 wp-block-columns-is-layout-flex\">\n<div class=\"wp-block-column is-layout-flow wp-block-column-is-layout-flow\">\n<figure class=\"wp-block-image size-full\"><a href=\"http:\/\/doi.org\/10.7717\/peerj.9898\" target=\"_blank\" rel=\"noopener\"><img data-recalc-dims=\"1\" loading=\"lazy\" decoding=\"async\" width=\"493\" height=\"666\" src=\"https:\/\/i0.wp.com\/sitios.iztacala.unam.mx\/bancodesemillas\/wp-content\/uploads\/sites\/7\/2022\/05\/Portada-Native-trees.png?resize=493%2C666&#038;ssl=1\" alt=\"\" class=\"wp-image-984\" srcset=\"https:\/\/i0.wp.com\/sitios.iztacala.unam.mx\/bancodesemillas\/wp-content\/uploads\/sites\/7\/2022\/05\/Portada-Native-trees.png?w=493&amp;ssl=1 493w, https:\/\/i0.wp.com\/sitios.iztacala.unam.mx\/bancodesemillas\/wp-content\/uploads\/sites\/7\/2022\/05\/Portada-Native-trees.png?resize=222%2C300&amp;ssl=1 222w\" sizes=\"auto, (max-width: 493px) 100vw, 493px\" \/><\/a><figcaption class=\"wp-element-caption\"><strong>Native trees of Mexico: diversity, distribution, uses and conservation.<\/strong><\/figcaption><\/figure>\n<\/div>\n\n\n\n<div class=\"wp-block-column is-layout-flow wp-block-column-is-layout-flow\">\n<figure class=\"wp-block-image size-full\"><a href=\"https:\/\/doi.org\/10.3390\/plants10112377\" target=\"_blank\" rel=\"noopener\"><img data-recalc-dims=\"1\" loading=\"lazy\" decoding=\"async\" width=\"490\" height=\"666\" src=\"https:\/\/i0.wp.com\/sitios.iztacala.unam.mx\/bancodesemillas\/wp-content\/uploads\/sites\/7\/2022\/05\/Portada-Thermal-Swietenia.png?resize=490%2C666&#038;ssl=1\" alt=\"\" class=\"wp-image-1044\" srcset=\"https:\/\/i0.wp.com\/sitios.iztacala.unam.mx\/bancodesemillas\/wp-content\/uploads\/sites\/7\/2022\/05\/Portada-Thermal-Swietenia.png?w=490&amp;ssl=1 490w, https:\/\/i0.wp.com\/sitios.iztacala.unam.mx\/bancodesemillas\/wp-content\/uploads\/sites\/7\/2022\/05\/Portada-Thermal-Swietenia.png?resize=221%2C300&amp;ssl=1 221w\" sizes=\"auto, (max-width: 490px) 100vw, 490px\" \/><\/a><figcaption class=\"wp-element-caption\"><strong>Thermal niche for seed germination and species distribution modelling of&nbsp;<em>Swietenia macrophylla<\/em>&nbsp;(Mahogany) under climate change scenarios.<\/strong><\/figcaption><\/figure>\n<\/div>\n<\/div>\n<\/div>\n\n\n\n<div class=\"wp-block-column is-layout-flow wp-block-column-is-layout-flow\">\n<div class=\"wp-block-columns is-layout-flex wp-container-core-columns-is-layout-9d6595d7 wp-block-columns-is-layout-flex\">\n<div class=\"wp-block-column is-layout-flow wp-block-column-is-layout-flow\">\n<figure class=\"wp-block-image size-full\"><a href=\"https:\/\/doi.org\/10.3390\/f10100841\" target=\"_blank\" rel=\"noopener\"><img data-recalc-dims=\"1\" loading=\"lazy\" decoding=\"async\" width=\"493\" height=\"666\" src=\"https:\/\/i0.wp.com\/sitios.iztacala.unam.mx\/bancodesemillas\/wp-content\/uploads\/sites\/7\/2022\/05\/Portada-Thermal-Cedrela.png?resize=493%2C666&#038;ssl=1\" alt=\"\" class=\"wp-image-988\" srcset=\"https:\/\/i0.wp.com\/sitios.iztacala.unam.mx\/bancodesemillas\/wp-content\/uploads\/sites\/7\/2022\/05\/Portada-Thermal-Cedrela.png?w=493&amp;ssl=1 493w, https:\/\/i0.wp.com\/sitios.iztacala.unam.mx\/bancodesemillas\/wp-content\/uploads\/sites\/7\/2022\/05\/Portada-Thermal-Cedrela.png?resize=222%2C300&amp;ssl=1 222w\" sizes=\"auto, (max-width: 493px) 100vw, 493px\" \/><\/a><figcaption class=\"wp-element-caption\"><strong>Thermal time and cardinal temperatures for germination of Cedrela odorata L.<\/strong><\/figcaption><\/figure>\n\n\n\n<p>&nbsp;<\/p>\n<\/div>\n\n\n\n<div class=\"wp-block-column is-layout-flow wp-block-column-is-layout-flow\">\n<figure class=\"wp-block-image size-full\"><a href=\"https:\/\/sitios.iztacala.unam.mx\/bancodesemillas\/wp-content\/uploads\/sites\/7\/2022\/05\/Capitulo-banco-de-semillas-conversus-2018-CONVERSUS-PRIDE-J-paginas-22-23.pdf\" target=\"_blank\" rel=\"noopener\"><img data-recalc-dims=\"1\" loading=\"lazy\" decoding=\"async\" width=\"493\" height=\"666\" src=\"https:\/\/i0.wp.com\/sitios.iztacala.unam.mx\/bancodesemillas\/wp-content\/uploads\/sites\/7\/2022\/05\/Portada-Cap-CONVERSUS-1.png?resize=493%2C666&#038;ssl=1\" alt=\"Enlace a art\u00edculo del Banco de Semillas FESI UNAM para ConCiencia\" class=\"wp-image-992\" srcset=\"https:\/\/i0.wp.com\/sitios.iztacala.unam.mx\/bancodesemillas\/wp-content\/uploads\/sites\/7\/2022\/05\/Portada-Cap-CONVERSUS-1.png?w=493&amp;ssl=1 493w, https:\/\/i0.wp.com\/sitios.iztacala.unam.mx\/bancodesemillas\/wp-content\/uploads\/sites\/7\/2022\/05\/Portada-Cap-CONVERSUS-1.png?resize=222%2C300&amp;ssl=1 222w\" sizes=\"auto, (max-width: 493px) 100vw, 493px\" \/><\/a><figcaption class=\"wp-element-caption\"><strong>El Banco de Semillas FESI UNAM. Revista CONVERSUS.<\/strong><\/figcaption><\/figure>\n<\/div>\n<\/div>\n<\/div>\n<\/div>\n\n\n\n<h2 class=\"wp-block-heading\"><\/h2>\n","protected":false},"excerpt":{"rendered":"<p>Parte de las actividades de divulgaci\u00f3n que se llevan a cabo en el Banco de Semillas FESI-UNAM consisten en realizar trabajos de investigaci\u00f3n, una vez que estos han sido concluidos se redactan art\u00edculos con el fin de reportar los resultados. En esta secci\u00f3n podr\u00e1s encontrar los art\u00edculos publicados de los proyectos que se han realizado &#8230; <a title=\"Publicaciones\" class=\"read-more\" href=\"https:\/\/sitios.iztacala.unam.mx\/bancodesemillas\/publicaciones-del-banco-de-semillas-fesi-unam\/\" aria-label=\"Leer m\u00e1s sobre Publicaciones\">Read more<\/a><\/p>\n","protected":false},"author":7,"featured_media":0,"parent":0,"menu_order":0,"comment_status":"closed","ping_status":"closed","template":"","meta":{"footnotes":""},"class_list":["post-831","page","type-page","status-publish"],"jetpack_sharing_enabled":true,"_links":{"self":[{"href":"https:\/\/sitios.iztacala.unam.mx\/bancodesemillas\/wp-json\/wp\/v2\/pages\/831","targetHints":{"allow":["GET"]}}],"collection":[{"href":"https:\/\/sitios.iztacala.unam.mx\/bancodesemillas\/wp-json\/wp\/v2\/pages"}],"about":[{"href":"https:\/\/sitios.iztacala.unam.mx\/bancodesemillas\/wp-json\/wp\/v2\/types\/page"}],"author":[{"embeddable":true,"href":"https:\/\/sitios.iztacala.unam.mx\/bancodesemillas\/wp-json\/wp\/v2\/users\/7"}],"replies":[{"embeddable":true,"href":"https:\/\/sitios.iztacala.unam.mx\/bancodesemillas\/wp-json\/wp\/v2\/comments?post=831"}],"version-history":[{"count":106,"href":"https:\/\/sitios.iztacala.unam.mx\/bancodesemillas\/wp-json\/wp\/v2\/pages\/831\/revisions"}],"predecessor-version":[{"id":4079,"href":"https:\/\/sitios.iztacala.unam.mx\/bancodesemillas\/wp-json\/wp\/v2\/pages\/831\/revisions\/4079"}],"wp:attachment":[{"href":"https:\/\/sitios.iztacala.unam.mx\/bancodesemillas\/wp-json\/wp\/v2\/media?parent=831"}],"curies":[{"name":"wp","href":"https:\/\/api.w.org\/{rel}","templated":true}]}}