{"id":827,"date":"2022-04-28T18:03:34","date_gmt":"2022-04-28T18:03:34","guid":{"rendered":"https:\/\/sitios.iztacala.unam.mx\/bancodesemillas\/?page_id=827"},"modified":"2024-11-22T20:43:57","modified_gmt":"2024-11-22T20:43:57","slug":"nuestros-programas-banco-de-semillas-fesi-unam","status":"publish","type":"page","link":"https:\/\/sitios.iztacala.unam.mx\/bancodesemillas\/nuestros-programas-banco-de-semillas-fesi-unam\/","title":{"rendered":"Nuestros programas"},"content":{"rendered":"\n<figure class=\"wp-block-image size-large\"><img data-recalc-dims=\"1\" loading=\"lazy\" decoding=\"async\" width=\"1200\" height=\"144\" src=\"https:\/\/i0.wp.com\/sitios.iztacala.unam.mx\/bancodesemillas\/wp-content\/uploads\/sites\/7\/2024\/10\/Cabecera-NP.jpg?resize=1200%2C144&#038;ssl=1\" alt=\"\" class=\"wp-image-4076\" srcset=\"https:\/\/i0.wp.com\/sitios.iztacala.unam.mx\/bancodesemillas\/wp-content\/uploads\/sites\/7\/2024\/10\/Cabecera-NP-scaled.jpg?resize=1500%2C180&amp;ssl=1 1500w, https:\/\/i0.wp.com\/sitios.iztacala.unam.mx\/bancodesemillas\/wp-content\/uploads\/sites\/7\/2024\/10\/Cabecera-NP-scaled.jpg?resize=300%2C36&amp;ssl=1 300w, https:\/\/i0.wp.com\/sitios.iztacala.unam.mx\/bancodesemillas\/wp-content\/uploads\/sites\/7\/2024\/10\/Cabecera-NP-scaled.jpg?resize=768%2C92&amp;ssl=1 768w, https:\/\/i0.wp.com\/sitios.iztacala.unam.mx\/bancodesemillas\/wp-content\/uploads\/sites\/7\/2024\/10\/Cabecera-NP-scaled.jpg?resize=1536%2C185&amp;ssl=1 1536w, https:\/\/i0.wp.com\/sitios.iztacala.unam.mx\/bancodesemillas\/wp-content\/uploads\/sites\/7\/2024\/10\/Cabecera-NP-scaled.jpg?resize=2048%2C246&amp;ssl=1 2048w, https:\/\/i0.wp.com\/sitios.iztacala.unam.mx\/bancodesemillas\/wp-content\/uploads\/sites\/7\/2024\/10\/Cabecera-NP-scaled.jpg?w=2400&amp;ssl=1 2400w\" sizes=\"auto, (max-width: 1200px) 100vw, 1200px\" \/><\/figure>\n\n\n\n<p class=\"has-text-align-left has-text-color has-link-color wp-elements-688f2fb0938ad5ea71b0c2f433bfdab0\" style=\"color:#633d24;font-style:normal;font-weight:800\">Programas que el Banco de Semillas ofrece a los alumnos de la FESI-UNAM:<\/p>\n\n\n\n<div class=\"wp-block-columns is-layout-flex wp-container-core-columns-is-layout-9d6595d7 wp-block-columns-is-layout-flex\">\n<div class=\"wp-block-column is-layout-flow wp-block-column-is-layout-flow\">\n<p>\u2022 Servicio social y Licyt\u2019s \/LIC\u2019s<br>&#8212;Proyecto: Manejo de la Colecci\u00f3n Cient\u00edfica Banco de Semillas FESI-UNAM.<br>&#8212;Laboratorio: Banco de Semillas.<br>&#8212;Descripci\u00f3n: En este proyecto nos enfocamos a la conservaci\u00f3n de recursos vegetales, la manera de conservarlos es mediante t\u00e9cnicas &#8220;ex situ&#8221; de largo plazo. Conservamos de manera inicial a las especies que se encuentran en alguna categor\u00eda de riesgo. Sin embargo, tambi\u00e9n nos interesan todas las especies de plantas silvestres nativas de M\u00e9xico. La estructura que conservamos son sus semillas, por ello, aplicamos todas las t\u00e9cnicas necesarias para su adecuado manejo y conservaci\u00f3n.<br>&#8212;Forma de trabajo: H\u00edbrida.<br>&#8212;Oferta acad\u00e9mica del proyecto: Titulaci\u00f3n y servicio social.<br>&#8212;Responsable: Dra. Norma Isela Rodr\u00edguez Ar\u00e9valo y Dra. Patricia Dolores D\u00e1vila Aranda.<br>&#8212;<a href=\"https:\/\/drive.google.com\/file\/d\/1bwnn_miuF8PpyFCGpG9c23lVxp6vLjjj\/view\" target=\"_blank\" rel=\"noreferrer noopener\">Enlace al cartel del proyecto y\/o datos del proyecto<\/a>.<\/p>\n\n\n\n<p>\u2022 Tesis de licenciatura <br>\u2022 Tesis de maestr\u00eda y doctorado<\/p>\n<\/div>\n\n\n\n<div class=\"wp-block-column is-layout-flow wp-block-column-is-layout-flow\"><div class=\"wp-block-image\">\n<figure data-wp-context=\"{&quot;imageId&quot;:&quot;69e71ab5ddb35&quot;}\" data-wp-interactive=\"core\/image\" data-wp-key=\"69e71ab5ddb35\" class=\"aligncenter size-large is-resized wp-lightbox-container\"><img data-recalc-dims=\"1\" loading=\"lazy\" decoding=\"async\" width=\"724\" height=\"1024\" data-wp-class--hide=\"state.isContentHidden\" data-wp-class--show=\"state.isContentVisible\" data-wp-init=\"callbacks.setButtonStyles\" data-wp-on--click=\"actions.showLightbox\" data-wp-on--load=\"callbacks.setButtonStyles\" data-wp-on-window--resize=\"callbacks.setButtonStyles\" src=\"https:\/\/i0.wp.com\/sitios.iztacala.unam.mx\/bancodesemillas\/wp-content\/uploads\/sites\/7\/2024\/10\/Cartel-Informativo-BSUNAM-1.jpg?resize=724%2C1024&#038;ssl=1\" alt=\"Programas para alumnos del Banco de Semillas FESI-UNAM\" class=\"wp-image-4067\" style=\"width:491px;height:auto\" srcset=\"https:\/\/i0.wp.com\/sitios.iztacala.unam.mx\/bancodesemillas\/wp-content\/uploads\/sites\/7\/2024\/10\/Cartel-Informativo-BSUNAM-1-scaled.jpg?resize=724%2C1024&amp;ssl=1 724w, https:\/\/i0.wp.com\/sitios.iztacala.unam.mx\/bancodesemillas\/wp-content\/uploads\/sites\/7\/2024\/10\/Cartel-Informativo-BSUNAM-1-scaled.jpg?resize=212%2C300&amp;ssl=1 212w, https:\/\/i0.wp.com\/sitios.iztacala.unam.mx\/bancodesemillas\/wp-content\/uploads\/sites\/7\/2024\/10\/Cartel-Informativo-BSUNAM-1-scaled.jpg?resize=768%2C1086&amp;ssl=1 768w, https:\/\/i0.wp.com\/sitios.iztacala.unam.mx\/bancodesemillas\/wp-content\/uploads\/sites\/7\/2024\/10\/Cartel-Informativo-BSUNAM-1-scaled.jpg?resize=1086%2C1536&amp;ssl=1 1086w, https:\/\/i0.wp.com\/sitios.iztacala.unam.mx\/bancodesemillas\/wp-content\/uploads\/sites\/7\/2024\/10\/Cartel-Informativo-BSUNAM-1-scaled.jpg?resize=1448%2C2048&amp;ssl=1 1448w, https:\/\/i0.wp.com\/sitios.iztacala.unam.mx\/bancodesemillas\/wp-content\/uploads\/sites\/7\/2024\/10\/Cartel-Informativo-BSUNAM-1-scaled.jpg?w=1810&amp;ssl=1 1810w\" sizes=\"auto, (max-width: 724px) 100vw, 724px\" \/><button\n\t\t\tclass=\"lightbox-trigger\"\n\t\t\ttype=\"button\"\n\t\t\taria-haspopup=\"dialog\"\n\t\t\taria-label=\"Agrandar\"\n\t\t\tdata-wp-init=\"callbacks.initTriggerButton\"\n\t\t\tdata-wp-on--click=\"actions.showLightbox\"\n\t\t\tdata-wp-style--right=\"state.imageButtonRight\"\n\t\t\tdata-wp-style--top=\"state.imageButtonTop\"\n\t\t>\n\t\t\t<svg xmlns=\"http:\/\/www.w3.org\/2000\/svg\" width=\"12\" height=\"12\" fill=\"none\" viewBox=\"0 0 12 12\">\n\t\t\t\t<path fill=\"#fff\" d=\"M2 0a2 2 0 0 0-2 2v2h1.5V2a.5.5 0 0 1 .5-.5h2V0H2Zm2 10.5H2a.5.5 0 0 1-.5-.5V8H0v2a2 2 0 0 0 2 2h2v-1.5ZM8 12v-1.5h2a.5.5 0 0 0 .5-.5V8H12v2a2 2 0 0 1-2 2H8Zm2-12a2 2 0 0 1 2 2v2h-1.5V2a.5.5 0 0 0-.5-.5H8V0h2Z\" \/>\n\t\t\t<\/svg>\n\t\t<\/button><\/figure>\n<\/div><\/div>\n<\/div>\n\n\n\n<p class=\"has-text-color has-link-color wp-elements-05c6ea14958677c76cf2a5a9b0c63998\" style=\"color:#633d24;font-style:normal;font-weight:800\">Programas que ofrece el banco de semillas al p\u00fablico en general como:<\/p>\n\n\n\n<div class=\"wp-block-columns is-layout-flex wp-container-core-columns-is-layout-9d6595d7 wp-block-columns-is-layout-flex\">\n<div class=\"wp-block-column is-layout-flow wp-block-column-is-layout-flow\">\n<p>\u2022 Visitas guiadas<br>Para solicitar las visitas se requiere enviar una carta solicitante al correo isela.unam@gmail.com con las siguientes caracter\u00edsticas:<br>&#8212;Publico al que va dirigida la visita.<br>&#8212;Edades de los visitantes.<br>&#8212;N\u00famero de visitantes.<br>&#8212;Fecha estimada para la visita (Esta puede cambiar dependiendo de la disponibilidad de los gu\u00edas y las instalaciones).<\/p>\n\n\n\n<p><\/p>\n<\/div>\n\n\n\n<div class=\"wp-block-column is-vertically-aligned-bottom is-layout-flow wp-block-column-is-layout-flow\"><div class=\"wp-block-image is-resized is-style-default\">\n<figure class=\"aligncenter size-full\"><img data-recalc-dims=\"1\" loading=\"lazy\" decoding=\"async\" width=\"559\" height=\"396\" src=\"https:\/\/i0.wp.com\/sitios.iztacala.unam.mx\/bancodesemillas\/wp-content\/uploads\/sites\/7\/2022\/05\/Visita-guiada.png?resize=559%2C396&#038;ssl=1\" alt=\"\" class=\"wp-image-1369\" style=\"width:386px;height:auto\" srcset=\"https:\/\/i0.wp.com\/sitios.iztacala.unam.mx\/bancodesemillas\/wp-content\/uploads\/sites\/7\/2022\/05\/Visita-guiada.png?w=559&amp;ssl=1 559w, https:\/\/i0.wp.com\/sitios.iztacala.unam.mx\/bancodesemillas\/wp-content\/uploads\/sites\/7\/2022\/05\/Visita-guiada.png?resize=300%2C213&amp;ssl=1 300w\" sizes=\"auto, (max-width: 559px) 100vw, 559px\" \/><figcaption class=\"wp-element-caption\"><strong>Ve un poco m\u00e1s de los recorridos dando clic en la imagen<\/strong><\/figcaption><\/figure>\n<\/div><\/div>\n<\/div>\n","protected":false},"excerpt":{"rendered":"<p>Programas que el Banco de Semillas ofrece a los alumnos de la FESI-UNAM: \u2022 Servicio social y Licyt\u2019s \/LIC\u2019s&#8212;Proyecto: Manejo de la Colecci\u00f3n Cient\u00edfica Banco de Semillas FESI-UNAM.&#8212;Laboratorio: Banco de Semillas.&#8212;Descripci\u00f3n: En este proyecto nos enfocamos a la conservaci\u00f3n de recursos vegetales, la manera de conservarlos es mediante t\u00e9cnicas &#8220;ex situ&#8221; de largo plazo. Conservamos &#8230; <a title=\"Nuestros programas\" class=\"read-more\" href=\"https:\/\/sitios.iztacala.unam.mx\/bancodesemillas\/nuestros-programas-banco-de-semillas-fesi-unam\/\" aria-label=\"Leer m\u00e1s sobre Nuestros programas\">Read more<\/a><\/p>\n","protected":false},"author":7,"featured_media":0,"parent":0,"menu_order":0,"comment_status":"closed","ping_status":"closed","template":"","meta":{"footnotes":""},"class_list":["post-827","page","type-page","status-publish"],"jetpack_sharing_enabled":true,"_links":{"self":[{"href":"https:\/\/sitios.iztacala.unam.mx\/bancodesemillas\/wp-json\/wp\/v2\/pages\/827","targetHints":{"allow":["GET"]}}],"collection":[{"href":"https:\/\/sitios.iztacala.unam.mx\/bancodesemillas\/wp-json\/wp\/v2\/pages"}],"about":[{"href":"https:\/\/sitios.iztacala.unam.mx\/bancodesemillas\/wp-json\/wp\/v2\/types\/page"}],"author":[{"embeddable":true,"href":"https:\/\/sitios.iztacala.unam.mx\/bancodesemillas\/wp-json\/wp\/v2\/users\/7"}],"replies":[{"embeddable":true,"href":"https:\/\/sitios.iztacala.unam.mx\/bancodesemillas\/wp-json\/wp\/v2\/comments?post=827"}],"version-history":[{"count":111,"href":"https:\/\/sitios.iztacala.unam.mx\/bancodesemillas\/wp-json\/wp\/v2\/pages\/827\/revisions"}],"predecessor-version":[{"id":4314,"href":"https:\/\/sitios.iztacala.unam.mx\/bancodesemillas\/wp-json\/wp\/v2\/pages\/827\/revisions\/4314"}],"wp:attachment":[{"href":"https:\/\/sitios.iztacala.unam.mx\/bancodesemillas\/wp-json\/wp\/v2\/media?parent=827"}],"curies":[{"name":"wp","href":"https:\/\/api.w.org\/{rel}","templated":true}]}}